{"id":3,"date":"2022-05-07T09:50:51","date_gmt":"2022-05-07T09:50:51","guid":{"rendered":"https:\/\/sisisoftware.es\/?page_id=3"},"modified":"2022-06-21T16:37:59","modified_gmt":"2022-06-21T14:37:59","slug":"privacy-policy","status":"publish","type":"page","link":"https:\/\/sisisoftware.net\/demo\/privacy-policy\/","title":{"rendered":"Privacy Policy"},"content":{"rendered":"\r\n<h1 class=\"wp-block-heading\"><strong>Pol\u00edtica de privacidad de www.sisisoftware.es<\/strong><\/h1>\r\n<p>Estimado usuario, deseamos informarle que sus datos personales, recopilados directamente de usted, nunca ser\u00e1n transferidos o distribuidos a terceros, sino que se utilizar\u00e1n en pleno cumplimiento de los principios fundamentales, dictados por el Reglamento Europeo 679\/2016 relativo a la protecci\u00f3n de datos personales. datos (RGPD)<\/p>\r\n<p><strong>Controlador de datos<\/strong><\/p>\r\n<p>SISI Software N\u00famero de IVA 01686190099, direcci\u00f3n Via dei Vegerio 6 \/ 6B \u2013 Savona (SV) \u2013 Italia<\/p>\r\n<p>Correo electr\u00f3nico de contacto del propietario: info@sisisoftware.it<\/p>\r\n<p><strong>1) OPERACIONES DE TRATAMIENTO DE DATOS PERSONALES Y FINALIDADES RELACIONADAS<\/strong><br \/>A continuaci\u00f3n, resumimos todas las operaciones que realizamos que implican la recogida, almacenamiento o tratamiento de sus datos personales, y las finalidades que perseguimos con cada una de ellas:<br \/>\u2013 recogida y almacenamiento de sus datos personales con el fin de enviar informaci\u00f3n comercial por correo electr\u00f3nico;<br \/>\u2013 tratamiento interno de los datos personales proporcionados por usted con el fin de definir su perfil comercial;<br \/>\u2013 uso de su perfil comercial para fines de marketing y promoci\u00f3n de su inter\u00e9s;<br \/>El tratamiento de los datos introducidos tiene como \u00fanico objetivo la correcta y completa ejecuci\u00f3n del servicio profesional ofrecido.<\/p>\r\n<p><strong>2) M\u00c9TODO DE TRATAMIENTO<\/strong><br \/>El tratamiento se realizar\u00e1 con m\u00e9todos automatizados y manuales. Nuestra empresa SISI Software P.IVA 01686190099 eMail: info@sisisoftware.it, a trav\u00e9s del sistema de procesamiento de datos, asegura y garantiza que la informaci\u00f3n procesada no incluye temas relacionados con datos sensibles o judiciales. Por tanto, se excluir\u00e1 a priori cualquier tratamiento que pueda afectar directa o indirectamente a datos sensibles.<br \/>Los datos introducidos no ser\u00e1n cedidos a otros sujetos, ni ser\u00e1n objeto de difusi\u00f3n, salvo que se limite al almacenamiento de dichos datos en servidores especializados, destinados exclusivamente a la conservaci\u00f3n de los datos introducidos por el usuario o en caso de requerimiento del autoridades judiciales competentes.\/legislativas seg\u00fan la legislaci\u00f3n vigente.<\/p>\r\n<p><strong>3) LIBERTAD DE CONSENTIMIENTO Y CONSECUENCIAS DE LA NEGACI\u00d3N<\/strong><br \/>El suministro de sus datos es opcional. No obstante, en caso de denegaci\u00f3n del consentimiento para las finalidades indicadas, no podremos prestarle los servicios de informaci\u00f3n para los que se solicita el consentimiento, incluido el registro en este sitio.<\/p>\r\n<p><strong>4) PROPIETARIO Y ENCARGADO DEL TRATAMIENTO<\/strong><br \/>El Controlador de datos ser\u00e1 exclusivamente la empresa Sisisoftware, actualmente ubicada en Largo dei Vegerio, n. 6 \/ 6B, 17100 Savona eMail: info@sisisoftware.it, en las personas de los Representantes Legales. El responsable del tratamiento de los datos personales ser\u00e1 el Responsable del tratamiento y los operadores designados por \u00e9l, responsables de la gesti\u00f3n de las bases de datos, en relaci\u00f3n con el respectivo sector de competencia.<br \/>Los datos introducidos no ser\u00e1n cedidos a terceros, ni ser\u00e1n objeto de difusi\u00f3n, salvo que se limite al almacenamiento de dichos datos en servidores especializados, destinados exclusivamente a la conservaci\u00f3n de los datos introducidos por el usuario.<br \/>El software SISI no es responsable de ninguna p\u00e9rdida de datos fuera de su control. En cualquier caso, el software SISI garantiza la conservaci\u00f3n de una copia de seguridad de todos los datos introducidos por el usuario con un historial de 4 d\u00edas.<br \/>En cualquier momento ser\u00e1 posible solicitar gratuitamente la verificaci\u00f3n, cancelaci\u00f3n, modificaci\u00f3n de sus datos, o recibir la lista de responsables del tratamiento, escribiendo un correo electr\u00f3nico a info@sisisoftware.it.<br \/>Adem\u00e1s de cumplir con todas las obligaciones legales previstas por el Reglamento Europeo RGPD 679\/2016, tambi\u00e9n garantizamos la m\u00e1xima atenci\u00f3n a la protecci\u00f3n de datos frente a accesos fraudulentos y a la cancelaci\u00f3n inmediata de nuestras listas tras su solicitud al efecto.<br \/>El software SISI se reserva el derecho de eliminar los datos introducidos por el usuario despu\u00e9s de 60 d\u00edas de impago del servicio sin previo aviso.<\/p>\r\n<p><strong>5) DERECHOS DEL INTERESADO<\/strong><br \/>Tambi\u00e9n le informamos que cualquier interesado puede ejercer los derechos seg\u00fan la normativa RGPD 679\/2016 que resumimos a continuaci\u00f3n: (Derecho de acceso a los datos personales, derecho de rectificaci\u00f3n, derecho al olvido, derecho de oposici\u00f3n, derecho de revocaci\u00f3n, derecho a la portabilidad de los datos y otros derechos) El interesado tiene derecho a obtener la confirmaci\u00f3n de la existencia o no de datos personales que le conciernen, aunque a\u00fan no est\u00e9n registrados, y su comunicaci\u00f3n en forma inteligible. El interesado tiene derecho a obtener la indicaci\u00f3n: del origen de los datos personales; de los prop\u00f3sitos\u00a0y m\u00e9todos de procesamiento; la l\u00f3gica aplicada en caso de procesamiento realizado con la ayuda de herramientas electr\u00f3nicas; la identidad del propietario, administrador y representante designado; de los sujetos o categor\u00edas de sujetos a quienes los datos personales pueden ser comunicados o que pueden conocerlos como representante designado en el Estado, encargados o agentes. El interesado tiene derecho a obtener: la actualizaci\u00f3n, la rectificaci\u00f3n o, en su caso, la integraci\u00f3n de los datos; la cancelaci\u00f3n, transformaci\u00f3n en forma an\u00f3nima o bloqueo de datos procesados \u200b\u200ben violaci\u00f3n de la ley, incluidos aquellos que no necesitan ser conservados para los fines para los cuales los datos fueron recopilados o posteriormente procesados; la certificaci\u00f3n de que las operaciones han sido puestas en conocimiento, tambi\u00e9n en cuanto a su contenido, de aquellos a quienes los datos han sido comunicados o difundidos, salvo en el caso en que este cumplimiento resulte imposible o implique un uso de medios manifiestamente desproporcionado con respecto a al derecho protegido. El interesado tiene derecho a oponerse, en todo o en parte: por motivos leg\u00edtimos, al tratamiento de los datos personales que le conciernen, aunque sean pertinentes para la finalidad de la recogida; al tratamiento de los datos personales que le conciernen con el fin de enviar material publicitario o de venta directa o para realizar estudios de mercado o comunicaci\u00f3n comercial. El interesado podr\u00e1 ponerse en contacto con el Delegado de Protecci\u00f3n de Datos enviando una comunicaci\u00f3n a info@sisisoftware.it indicando nombre, apellidos, direcci\u00f3n de correo electr\u00f3nico y n\u00famero de tel\u00e9fono para que podamos gestionar adecuadamente su solicitud.<\/p>\r\n<p><strong>6) MARKETING Y PERFILADO<\/strong><br \/>Con el consentimiento de la parte interesada, los datos pueden ser procesados \u200b\u200bpor el Controlador de datos tambi\u00e9n para fines de marketing y elaboraci\u00f3n de perfiles, como por ejemplo, el env\u00edo de correos electr\u00f3nicos autom\u00e1ticos o manuales sobre ofertas e iniciativas comerciales relacionadas con productos o servicios de nuestra empresa. Se entiende que el tratamiento de datos con esta finalidad s\u00f3lo ser\u00e1 posible con el consentimiento del interesado y el consentimiento podr\u00e1 ser libremente revocado en cualquier momento a trav\u00e9s del enlace de baja disponible en las comunicaciones electr\u00f3nicas.<\/p>\r\n<p><strong>POL\u00cdTICA DE COOKIES<\/strong><\/p>\r\n<p>La tecnolog\u00eda \u00abcookie\u00bb se utiliza para obtener informaci\u00f3n sobre la experiencia en nuestro sitio web y para permitir el funcionamiento de algunos servicios que requieren el paso del usuario para identificarse en las distintas p\u00e1ginas.<\/p>\r\n<p><strong>\u00bfQu\u00e9 son las cookies?<\/strong><br \/>Una \u00abcookie\u00bb constituye informaci\u00f3n enviada por un servidor a un navegador y permite que el servidor recopile informaci\u00f3n del navegador y viceversa. La cookie ayudar\u00e1 al sitio web a reconocer su dispositivo si vuelve a visitar el sitio. Las cookies cumplen muchas funciones. Por ejemplo, pueden ayudarnos a recordar sus nombres de usuario y preferencias, analizar el rendimiento de nuestro sitio web o incluso permitirnos recomendar contenido que creemos que puede ser de su inter\u00e9s.<\/p>\r\n<p>Nuestras cookies son an\u00f3nimas y no pueden vincularse a los datos personales del usuario. Las cookies propias est\u00e1n asociadas al nombre de dominio de la p\u00e1gina que est\u00e1 visitando y permiten identificar a la persona cruzando nuestra base de datos, solo pueden ser asignadas previa solicitud expresa de los usuarios y con el fin de permitir su identificaci\u00f3n inmediata para el acceso. \u00e1reas restringidas del sitio web, sin que los usuarios tengan que ingresar manualmente el nombre de usuario y la contrase\u00f1a. En cualquier caso, la identidad del usuario nunca se incluye directamente en la cookie y no puede ser interceptada. Cada vez que accede al sitio web, independientemente de la presencia o ausencia de una cookie, registramos el tipo de navegador, el sistema operativo y el host junto con la URL de origen del visitante, as\u00ed como la informaci\u00f3n de la p\u00e1gina solicitada. Estos datos pueden, por tanto, ser utilizados de forma agregada y an\u00f3nima para realizar an\u00e1lisis estad\u00edsticos sobre el uso del sitio web.<\/p>\r\n<p><strong>\u00bfQu\u00e9 tipo de cookies utilizamos?<\/strong><br \/>Las cookies utilizadas en nuestro sitio web se dividen en 4 tipos: Estrictamente necesarias, de rendimiento, de funcionalidad e identificativas. Nuestro sitio no recopila datos personales e informaci\u00f3n relacionada con el individuo, a menos que voluntariamente decida ingresarlos. A continuaci\u00f3n, puede navegar por nuestro sitio sin revelar ning\u00fan dato de identificaci\u00f3n personal, incluida su direcci\u00f3n de correo electr\u00f3nico. Le recordamos que si elige deshabilitar las cookies, es posible que algunas secciones del sitio no funcionen correctamente.<\/p>\r\n<p><strong>Cookies estrictamente necesarias<\/strong><br \/>Algunas cookies son esenciales para el correcto funcionamiento de nuestro sitio web. Estas cookies le permiten prestar los servicios solicitados por los usuarios y navegar por el sitio utilizando el<\/p>\r\n<p>y su mejor desempe\u00f1o. Este tipo de cookie no se puede deshabilitar ya que es necesario para que el sitio funcione correctamente.<\/p>\r\n<p><strong>Cookies de rendimiento y funcionalidad<\/strong><br \/>Las cookies de rendimiento recopilan informaci\u00f3n an\u00f3nima sobre las p\u00e1ginas visitadas por los usuarios. Se utilizan para rastrear las p\u00e1ginas m\u00e1s buscadas y son \u00fatiles para mejorar los enlaces entre p\u00e1ginas y para determinar el motivo de posibles mensajes de error. Las cookies funcionales tambi\u00e9n almacenan las elecciones realizadas por el usuario para mejorar la navegaci\u00f3n y su experiencia en l\u00ednea. Al eliminar estas cookies que no recopilan informaci\u00f3n sobre los datos sensibles del usuario, se perder\u00e1n algunas caracter\u00edsticas del sitio, lo que ofrecer\u00e1 un rendimiento menor.<\/p>\r\n<p><strong>Cookies de descubrimiento o publicidad<\/strong><br \/>Estas cookies recopilan informaci\u00f3n sobre sus h\u00e1bitos de navegaci\u00f3n, con el fin de proponer anuncios importantes y dirigidos a sus intereses. Los datos confidenciales del usuario no ser\u00e1n rastreados, pero le recomendamos que visite el sitio web http:\/\/www.youronlinechoices.com\/it\/ para obtener m\u00e1s informaci\u00f3n. Al eliminar estas cookies, no se perder\u00e1 ninguna funcionalidad.<\/p>\r\n<p><strong>Cookie de exclusi\u00f3n<\/strong><br \/>El usuario puede gestionar sus preferencias relativas a las cookies directamente en el navegador utilizado, pudiendo o no permitir la instalaci\u00f3n de cookies. A trav\u00e9s de su navegador tambi\u00e9n ser\u00e1 posible eliminar las cookies instaladas en el pasado, esta informaci\u00f3n se puede encontrar en las direcciones web de los distintos navegadores (lista no exhaustiva): Microsoft Internet Explorer, Microsoft Edge, Mozilla Firefox, Apple Safari, Google Chrome\u2026\u2019 el usuario puede ejercer su derecho de seguimiento consultando a trav\u00e9s de la pol\u00edtica de privacidad de cookies de terceros a trav\u00e9s del enlace de exclusi\u00f3n voluntaria o poni\u00e9ndose en contacto directamente con el mismo.<\/p>\r\n<p>El usuario puede cambiar sus preferencias directamente en este enlace Cambiar consentimiento<\/p>\r\n<p>El usuario tambi\u00e9n puede deshabilitar las cookies relativas a la publicidad en los siguientes sitios web:<\/p>\r\n<p>http:\/\/www.allaboutcookies.org<\/p>\r\n<p>http:\/\/www.youronlinechoices.com<\/p>\r\n<p>https:\/\/tools.google.com\/dlpage\/gaoptout<\/p>\r\n<p>http:\/\/www.aboutads.info\/choices<\/p>\r\n<p>http:\/\/www.networkadvertising.org\/choices<\/p>\r\n<p>https:\/\/www.facebook.com\/about\/privacy<\/p>\r\n<p><strong>Lista de los cookies<\/strong><\/p>\r\n<p>&nbsp;<\/p>\r\n<div class=\"cm_shortcode_container\" style=\"--cs-shortcode-text-color: #5D5D5D;\"><p style=\"margin-left: 15px;\">Scripts<\/p><div style=\"margin-left: 15px;\"><div><p>Marketing<\/p><\/div><ul><li><strong>Facebook Pixel<\/strong><p>The Facebook pixel is a piece of code that collects data that helps to track conversions from Facebook ads, optimize ads, build targeted audiences for future ads and remarket to people who have already taken some kind of action on the website.<\/p><\/li><\/ul><\/div><p style=\"margin-left: 15px;\">Cookies<\/p><div style=\"margin-left: 15px;\"><div><p>Necessary<\/p><\/div><ul><li><strong>cs_viewed_cookie_policy<\/strong><p>Default wordpress cookie. Always ON.<\/p><\/li><li><strong>cs_user_preference<\/strong><p>Default wordpress cookie. Always ON.<\/p><\/li><li><strong>cs_stored_consent_for<\/strong><p>Default wordpress cookie. Always ON.<\/p><\/li><li><strong>cs_enabled_server_side<\/strong><p>Default wordpress cookie. Always ON.<\/p><\/li><li><strong>cs_enabled_cookie_term_7<\/strong><p>Default wordpress cookie. Always ON.<\/p><\/li><li><strong>cs_enabled_cookie_term_6<\/strong><p>Default wordpress cookie. Always ON.<\/p><\/li><li><strong>cs_enabled_cookie_term_10<\/strong><p>Default wordpress cookie. Always ON.<\/p><\/li><li><strong>cs_enabled_advanced_matching<\/strong><p>Default wordpress cookie. Always ON.<\/p><\/li><li><strong>CS-Magic<\/strong><p>Default wordpress cookie. Always ON.<\/p><\/li><li><strong>_pk_id_1_db48<\/strong><p><\/p><\/li><li><strong>pys_landing_page<\/strong><p>Default wordpress cookie. Always ON.<\/p><\/li><li><strong>et-pb-recent-items-colors<\/strong><p><\/p><\/li><li><strong>wordpress_logged_in_f9663072e16265df74fb568dabf6c276<\/strong><p>Default wordpress cookie. Always ON.<\/p><\/li><li><strong>_lscache_vary<\/strong><p><\/p><\/li><li><strong>pysTrafficSource<\/strong><p>Default wordpress cookie. Always ON.<\/p><\/li><li><strong>_pk_ses_1_9a48<\/strong><p><\/p><\/li><li><strong>_pk_id_1_9a48<\/strong><p><\/p><\/li><li><strong>wp-settings-time-1<\/strong><p>Default wordpress cookie. Always ON.<\/p><\/li><li><strong>wp-settings-1<\/strong><p>Default wordpress cookie. Always ON.<\/p><\/li><li><strong>wordpress_test_cookie<\/strong><p>Default wordpress cookie. Always ON.<\/p><\/li><li><strong>wordpress_logged_in_1ba34689c18190f80ff90e2fbaf52235<\/strong><p>Default wordpress cookie. Always ON.<\/p><\/li><li><strong>wfwaf-authcookie-a53d32fc03893ba243795b767f4b8642<\/strong><p><\/p><\/li><li><strong>wordpress_sec_1ba34689c18190f80ff90e2fbaf52235<\/strong><p>Default wordpress cookie. Always ON.<\/p><\/li><li><strong>litespeed_tab<\/strong><p><\/p><\/li><\/ul><div><p>Analytics<\/p><\/div><ul><li><strong>mp_4c9c4703aa104addea558987356baad0_mixpanel<\/strong><p><\/p><\/li><li><strong>_ga<\/strong><p><\/p><\/li><li><strong>_ga_1ZZ9ZLZHK9<\/strong><p><\/p><\/li><\/ul><div><p>Marketing<\/p><\/div><ul><li><strong>_fbm_<\/strong><p>to store account details.<\/p><\/li><li><strong>actppresence<\/strong><p>to store and track if the browser tab is active.<\/p><\/li><li><strong>sb<\/strong><p>to store browser details.<\/p><\/li><li><strong>csm<\/strong><p>to provide fraud prevention.<\/p><\/li><li><strong>c_user<\/strong><p>to store a unique user ID.<\/p><\/li><li><strong>datr<\/strong><p>to provide fraud prevention.<\/p><\/li><li><strong>_fbp<\/strong><p>to store and track visits across websites.<\/p><\/li><li><strong>act<\/strong><p>to Store logged in users.<\/p><\/li><li><strong>fr<\/strong><p>to provide ad delivery or retargeting.<\/p><\/li><li><strong>wd<\/strong><p>to read screen resolution.<\/p><\/li><li><strong>xs<\/strong><p>to store a unique session ID.<\/p><\/li><li><strong>fbm<\/strong><p>to store account details.<\/p><\/li><li><strong>_fbc<\/strong><p>to store last visit.<\/p><\/li><li><strong>_js_datr<\/strong><p>to store user preferences<\/p><\/li><\/ul><\/div><\/div>\r\n<p>&nbsp;<\/p>\r\n<p><strong>Ultima modificaci\u00f3n el 21\/6\/2022<\/strong><\/p>\r\n","protected":false},"excerpt":{"rendered":"<p>Pol\u00edtica de privacidad de www.sisisoftware.es Estimado usuario, deseamos informarle que sus datos personales, recopilados directamente de usted, nunca ser\u00e1n transferidos o distribuidos a terceros, sino que se utilizar\u00e1n en pleno cumplimiento de los principios fundamentales, dictados por el Reglamento Europeo 679\/2016 relativo a la protecci\u00f3n de datos personales. datos (RGPD) Controlador de datos SISI Software [&hellip;]<\/p>\n","protected":false},"author":1,"featured_media":0,"parent":0,"menu_order":0,"comment_status":"closed","ping_status":"closed","template":"","meta":{"_et_pb_use_builder":"","_et_pb_old_content":"","_et_gb_content_width":"","footnotes":""},"class_list":["post-3","page","type-page","status-publish","hentry"],"yoast_head":"<!-- This site is optimized with the Yoast SEO plugin v27.4 - https:\/\/yoast.com\/product\/yoast-seo-wordpress\/ -->\n<title>Privacy Policy - Sitios web e Negozio Online<\/title>\n<meta name=\"robots\" content=\"index, follow, max-snippet:-1, max-image-preview:large, max-video-preview:-1\" \/>\n<link rel=\"canonical\" href=\"https:\/\/sisisoftware.net\/demo\/privacy-policy\/\" \/>\n<meta property=\"og:locale\" content=\"it_IT\" \/>\n<meta property=\"og:type\" content=\"article\" \/>\n<meta property=\"og:title\" content=\"Privacy Policy - Sitios web e Negozio Online\" \/>\n<meta property=\"og:description\" content=\"Pol\u00edtica de privacidad de www.sisisoftware.es Estimado usuario, deseamos informarle que sus datos personales, recopilados directamente de usted, nunca ser\u00e1n transferidos o distribuidos a terceros, sino que se utilizar\u00e1n en pleno cumplimiento de los principios fundamentales, dictados por el Reglamento Europeo 679\/2016 relativo a la protecci\u00f3n de datos personales. datos (RGPD) Controlador de datos SISI Software [&hellip;]\" \/>\n<meta property=\"og:url\" content=\"https:\/\/sisisoftware.net\/demo\/privacy-policy\/\" \/>\n<meta property=\"og:site_name\" content=\"Sitios web e Negozio Online\" \/>\n<meta property=\"article:modified_time\" content=\"2022-06-21T14:37:59+00:00\" \/>\n<meta name=\"twitter:card\" content=\"summary_large_image\" \/>\n<meta name=\"twitter:label1\" content=\"Tempo di lettura stimato\" \/>\n\t<meta name=\"twitter:data1\" content=\"10 minuti\" \/>\n<script type=\"application\/ld+json\" class=\"yoast-schema-graph\">{\"@context\":\"https:\\\/\\\/schema.org\",\"@graph\":[{\"@type\":\"WebPage\",\"@id\":\"https:\\\/\\\/sisisoftware.net\\\/demo\\\/privacy-policy\\\/\",\"url\":\"https:\\\/\\\/sisisoftware.net\\\/demo\\\/privacy-policy\\\/\",\"name\":\"Privacy Policy - Sitios web e Negozio Online\",\"isPartOf\":{\"@id\":\"https:\\\/\\\/sisisoftware.net\\\/demo\\\/#website\"},\"datePublished\":\"2022-05-07T09:50:51+00:00\",\"dateModified\":\"2022-06-21T14:37:59+00:00\",\"breadcrumb\":{\"@id\":\"https:\\\/\\\/sisisoftware.net\\\/demo\\\/privacy-policy\\\/#breadcrumb\"},\"inLanguage\":\"it-IT\",\"potentialAction\":[{\"@type\":\"ReadAction\",\"target\":[\"https:\\\/\\\/sisisoftware.net\\\/demo\\\/privacy-policy\\\/\"]}]},{\"@type\":\"BreadcrumbList\",\"@id\":\"https:\\\/\\\/sisisoftware.net\\\/demo\\\/privacy-policy\\\/#breadcrumb\",\"itemListElement\":[{\"@type\":\"ListItem\",\"position\":1,\"name\":\"Portada\",\"item\":\"https:\\\/\\\/sisisoftware.net\\\/demo\\\/\"},{\"@type\":\"ListItem\",\"position\":2,\"name\":\"Privacy Policy\"}]},{\"@type\":\"WebSite\",\"@id\":\"https:\\\/\\\/sisisoftware.net\\\/demo\\\/#website\",\"url\":\"https:\\\/\\\/sisisoftware.net\\\/demo\\\/\",\"name\":\"Sitios web e Negozio Online\",\"description\":\"Creiamo il tuo sito web\",\"potentialAction\":[{\"@type\":\"SearchAction\",\"target\":{\"@type\":\"EntryPoint\",\"urlTemplate\":\"https:\\\/\\\/sisisoftware.net\\\/demo\\\/?s={search_term_string}\"},\"query-input\":{\"@type\":\"PropertyValueSpecification\",\"valueRequired\":true,\"valueName\":\"search_term_string\"}}],\"inLanguage\":\"it-IT\"}]}<\/script>\n<!-- \/ Yoast SEO plugin. -->","yoast_head_json":{"title":"Privacy Policy - Sitios web e Negozio Online","robots":{"index":"index","follow":"follow","max-snippet":"max-snippet:-1","max-image-preview":"max-image-preview:large","max-video-preview":"max-video-preview:-1"},"canonical":"https:\/\/sisisoftware.net\/demo\/privacy-policy\/","og_locale":"it_IT","og_type":"article","og_title":"Privacy Policy - Sitios web e Negozio Online","og_description":"Pol\u00edtica de privacidad de www.sisisoftware.es Estimado usuario, deseamos informarle que sus datos personales, recopilados directamente de usted, nunca ser\u00e1n transferidos o distribuidos a terceros, sino que se utilizar\u00e1n en pleno cumplimiento de los principios fundamentales, dictados por el Reglamento Europeo 679\/2016 relativo a la protecci\u00f3n de datos personales. datos (RGPD) Controlador de datos SISI Software [&hellip;]","og_url":"https:\/\/sisisoftware.net\/demo\/privacy-policy\/","og_site_name":"Sitios web e Negozio Online","article_modified_time":"2022-06-21T14:37:59+00:00","twitter_card":"summary_large_image","twitter_misc":{"Tempo di lettura stimato":"10 minuti"},"schema":{"@context":"https:\/\/schema.org","@graph":[{"@type":"WebPage","@id":"https:\/\/sisisoftware.net\/demo\/privacy-policy\/","url":"https:\/\/sisisoftware.net\/demo\/privacy-policy\/","name":"Privacy Policy - Sitios web e Negozio Online","isPartOf":{"@id":"https:\/\/sisisoftware.net\/demo\/#website"},"datePublished":"2022-05-07T09:50:51+00:00","dateModified":"2022-06-21T14:37:59+00:00","breadcrumb":{"@id":"https:\/\/sisisoftware.net\/demo\/privacy-policy\/#breadcrumb"},"inLanguage":"it-IT","potentialAction":[{"@type":"ReadAction","target":["https:\/\/sisisoftware.net\/demo\/privacy-policy\/"]}]},{"@type":"BreadcrumbList","@id":"https:\/\/sisisoftware.net\/demo\/privacy-policy\/#breadcrumb","itemListElement":[{"@type":"ListItem","position":1,"name":"Portada","item":"https:\/\/sisisoftware.net\/demo\/"},{"@type":"ListItem","position":2,"name":"Privacy Policy"}]},{"@type":"WebSite","@id":"https:\/\/sisisoftware.net\/demo\/#website","url":"https:\/\/sisisoftware.net\/demo\/","name":"Sitios web e Negozio Online","description":"Creiamo il tuo sito web","potentialAction":[{"@type":"SearchAction","target":{"@type":"EntryPoint","urlTemplate":"https:\/\/sisisoftware.net\/demo\/?s={search_term_string}"},"query-input":{"@type":"PropertyValueSpecification","valueRequired":true,"valueName":"search_term_string"}}],"inLanguage":"it-IT"}]}},"_links":{"self":[{"href":"https:\/\/sisisoftware.net\/demo\/wp-json\/wp\/v2\/pages\/3","targetHints":{"allow":["GET"]}}],"collection":[{"href":"https:\/\/sisisoftware.net\/demo\/wp-json\/wp\/v2\/pages"}],"about":[{"href":"https:\/\/sisisoftware.net\/demo\/wp-json\/wp\/v2\/types\/page"}],"author":[{"embeddable":true,"href":"https:\/\/sisisoftware.net\/demo\/wp-json\/wp\/v2\/users\/1"}],"replies":[{"embeddable":true,"href":"https:\/\/sisisoftware.net\/demo\/wp-json\/wp\/v2\/comments?post=3"}],"version-history":[{"count":2,"href":"https:\/\/sisisoftware.net\/demo\/wp-json\/wp\/v2\/pages\/3\/revisions"}],"predecessor-version":[{"id":565,"href":"https:\/\/sisisoftware.net\/demo\/wp-json\/wp\/v2\/pages\/3\/revisions\/565"}],"wp:attachment":[{"href":"https:\/\/sisisoftware.net\/demo\/wp-json\/wp\/v2\/media?parent=3"}],"curies":[{"name":"wp","href":"https:\/\/api.w.org\/{rel}","templated":true}]}}